e s(-71).
-29
Let x(f) = f**2 - 1437*f + 112401. Determine x(83).
19
Let j(p) = -29*p**2 + 59650*p - 409992. Calculate j(2050).
8
Let l(f) = 44441*f + 266469. Give l(-6).
-177
Let n(b) = 5*b**3 + 5201*b**2 + 1042*b + 2087. Calculate n(-1040).
7
Let p(o) = o**3 + 2846*o**2 - 83366*o - 196. What is p(29)?
65
Let v(s) = -s**3 - s**2 - 794*s - 4119. Calculate v(-5).
-49
Let m(t) = -3*t**3 + 36*t**2 + 1505*t - 11259. Give m(7).
11
Let u(t) = 14*t**3 - 42*t**2 + 564*t + 2054. Give u(-3).
-394
Let d(j) = 302*j**3 + 126*j**2 + 11*j + 4. What is d(-1)?
-183
Let c(h) = 35799*h**2 + 358028*h - 13. Give c(-10).
-393
Let z(y) = -y**3 - 470*y**2 + 11507*y + 82826. Calculate z(-493).
2
Let c(g) = -62068*g + 993088. Determine c(16).
0
Let o(n) = 8926*n + 71358. Calculate o(-8).
-50
Let r(b) = 2*b**3 - 92*b**2 + 94*b - 31. Determine r(45).
149
Let m(f) = -2537179*f + 2537167. Give m(1).
-12
Let b(v) = -v**3 - 70*v**2 - 123*v - 3696. Determine b(-69).
30
Let x(u) = 220*u**2 - 2963*u + 1365. Calculate x(13).
26
Let d(i) = -4*i**3 - 307*i**2 + 73*i + 375. Determine d(-77).
683
Let p(w) = -w**2 + 306*w - 20266. What is p(98)?
118
Let l(z) = 8*z**2 + 46687*z + 744937. Calculate l(-16).
-7
Let d(f) = f**3 - f**2 - 361*f + 2235. Give d(7).
2
Let z(j) = 269*j + 3400. Determine z(-12).
172
Let d(v) = -3*v**2 + 1152*v + 1896739. Determine d(-626).
-41
Let o(i) = -21*i**2 - 47*i - 5. Calculate o(-5).
-295
Let g(r) = -r**3 + 45*r**2 + 1050*r - 13216. What is g(59)?
0
Let s(w) = -473*w - 75717. What is s(-167)?
3274
Let f(j) = -2*j**3 + 41*j**2 - 25*j + 776. Give f(21).
-190
Let n(o) = 3*o**3 - 326*o**2 + 212*o + 2. Calculate n(108).
-430
Let k(r) = 184*r - 44379. Calculate k(232).
-1691
Let f(c) = c**3 - 63*c**2 + 91*c - 1979. Give f(62).
-181
Let f(y) = -2*y**3 + 6*y**2 + 32*y + 484. What is f(0)?
484
Let l(s) = 2*s**3 + 749*s**2 + 1123*s + 218. Calculate l(-373).
-1274
Let m(x) = 3*x**2 - 473*x + 506. Determine m(156).
-274
Let g(p) = 5*p**3 + 510*p**2 - 527*p - 1271. Determine g(-103).
-35
Let l(w) = -7410*w + 2563874. Determine l(346).
14
Let w(t) = 136*t**2 - 3393*t + 6787. What is w(2)?
545
Let l(u) = 50668*u + 101472. Calculate l(-2).
136
Let s(h) = h**3 - 19*h**2 - 1341*h + 11437. Give s(8).
5
Let u(r) = 2307*r - 18070. Give u(8).
386
Let y(n) = -5*n**3 + 26*n**2 + 37038*n - 185179. Calculate y(5).
36
Let t(i) = -3*i**2 - 212*i + 3456. Calculate t(-84).
96
Let d(g) = 10333*g + 216943. Calculate d(-21).
-50
Let v(r) = -39*r**2 + 2954*r + 3712. What is v(77)?
-61
Let y(m) = -3278*m + 115147. Calculate y(35).
417
Let d(j) = 8*j**2 - 20*j + 2315. Give d(0).
2315
Let f(h) = h**2 - 127*h - 1033. Determine f(-11).
485
Let c(t) = -696*t - 2488. Determine c(-4).
296
Let g(c) = 432*c - 284264. Determine g(658).
-8
Let l(r) = -r**3 - 3*r**2 + 97*r - 12. Calculate l(-11).
-111
Let i(f) = -73903*f - 6. Calculate i(0).
-6
Let s(q) = q**3 + 12*q**2 - 503*q - 56. Determine s(17).
-226
Let p(x) = 9*x**2 - 13*x + 76. What is p(-11)?
1308
Let z(c) = c**3 - 98*c**2 + 105*c - 10370. Give z(98).
-80
Let t(f) = 868*f - 99854. What is t(115)?
-34
Let k(w) = 2*w**3 - 249*w**2 - 633*w - 113. What is k(127)?
141
Let m(w) = w**3 - 27*w**2 + 513*w - 6307. Give m(18).
11
Let m(w) = -w**3 + 202*w**2 - 2158*w + 393368. Calculate m(201).
11
Let k(m) = -933*m**2 - 1060*m - 124. What is k(-1)?
3
Let z(o) = -6*o**3 - 51*o**2 - 87*o - 13. Calculate z(-6).
-31
Let l(y) = -98*y + 696. Give l(9).
-186
Let n(l) = 10295*l + 308884. Determine n(-30).
34
Let u(h) = -79*h**2 + 12882*h - 837. Determine u(163).
-22
Let n(z) = 21*z**3 - 13*z**2 - 98*z - 128. Give n(-4).
-1288
Let s(g) = -1168*g + 14870. What is s(13)?
-314
Let m(a) = a**3 - 4*a**2 + 9*a + 339. Give m(0).
339
Let x(k) = 25*k**2 - 5902*k + 23674. Calculate x(232).
10
Let u(a) = 161*a + 22535. What is u(-140)?
-5
Let t(a) = 6*a**2 + 2432*a + 12224. What is t(-5)?
214
Let b(u) = -9915180*u + 9915179. Give b(1).
-1
Let c(i) = 39*i**2 + 2050*i + 10197. Calculate c(-47).
-2
Let o(k) = 18*k**3 - 91*k**2 - 25554*k + 127797. What is o(5)?
2
Let n(z) = -432654*z + 3028599. What is n(7)?
21
Let p(y) = 5*y**2 - 140736*y - 281479. What is p(-2)?
13
Let i(c) = c**3 - 10*c**2 - 191*c + 1820. Calculate i(12).
-184
Let g(p) = -968*p - 76461. Calculate g(-79).
11
Let a(i) = 96504*i - 289405. Give a(3).
107
Let j(d) = -d**3 + 794*d**2 + 1609*d + 28. Calculate j(-2).
-6
Let p(b) = -97*b + 1105. Calculate p(-3).
1396
Let f(r) = r**3 - 552*r**2 - 20*r - 602756. Calculate f(554).
-4
Let o(k) = 2551*k + 380170. Give o(-149).
71
Let x(l) = -58139*l - 174392. Give x(-3).
25
Let q(i) = -i**2 + 373*i - 6856. Calculate q(19).
-130
Let b(i) = 850*i - 2891. What is b(4)?
509
Let s(i) = 4*i**2 + 359*i - 381008. Give s(267).
1
Let t(d) = -16*d**2 + 149*d + 8383. Give t(28).
11
Let g(l) = -714*l - 43766. Calculate g(-61).
-212
Let w(o) = -10238*o - 20513. What is w(-2)?
-37
Let p(f) = 449*f**2 - 13464*f - 174. Determine p(30).
6
Let t(u) = 4444*u - 417732. Give t(94).
4
Let g(f) = -f**2 - 1488*f - 47975. Determine g(-33).
40
Let i(p) = -80632*p - 80631. Give i(-1).
1
Let z(v) = v**3 - 9*v**2 + 158*v - 582. What is z(8)?
618
Let i(y) = -4*y**3 - 57*y**2 - 68*y - 34. Give i(-13).
5
Let d(g) = g**3 + 81*g**2 - 191*g - 2061. Give d(-83).
14
Let k(n) = -1740*n + 5359. Calculate k(4).
-1601
Let j(y) = y**3 - 2*y**2 + 834*y - 4264. What is j(5)?
-19
Let i(f) = 22*f**3 + 69*f**2 - 235*f - 86. What is i(5)?
3214
Let p(d) = 104607*d - 208926. Give p(2).
288
Let h(f) = -f**2 - 81*f + 3290. Give h(32).
-326
Let o(x) = -8*x**2 - 13150*x - 1115770. What is o(-1554)?
2
Let l(t) = -1217*t + 97362. What is l(80)?
2
Let x(p) = -7012*p + 161300. Calculate x(23).
24
Let p(z) = 2*z**2 - 282*z + 365. Give p(134).
-1511
Let t(c) = 17*c**2 + 924*c + 2904. Determine t(-51).
-3
Let q(r) = 38*r**3 + 127*r**2 + 92*r - 6. Give q(-2).
14
Let w(f) = 10120*f - 102. Calculate w(0).
-102
Let j(l) = -l**2 + 262*l - 16375. Calculate j(159).
2
Let m(w) = -1157*w - 42803. Calculate m(-37).
6
Let s(u) = 332176*u - 16940972. Determine s(51).
4
Let g(k) = 2523*k - 15176. What is g(6)?
-38
Let x(q) = 2*q**3 + 157*q**2 + 1311*q + 83164. Calculate x(-77).
4
Let v(t) = -3888*t - 62228. What is v(-16)?
-20
Let u(x) = 27*x**3 - 269*x**2 + 186*x - 1677. What is u(10)?
283
Let b(c) = -24037*c + 120183. Determine b(5).
-2
Let p(k) = k**2 + 103*k + 2564. Give p(-62).
22
Let q(f) = 7589*f - 7620. Calculate q(1).
-31
Let l(x) = -22*x**2 + 2070*x + 6219. Give l(97).
11
Let z(o) = o**2 - 2619*o + 138516. Give z(54).
6
Let t(d) = 3713*d + 21. Give t(0).
21
Let m(h) = 5*h**3 - 598*h**2 - 224*h + 249. What is m(120)?
2169
Let g(j) = 5*j**2 + 265*j + 2749. Give g(-14).
19
Let g(n) = -n**3 - 49*n**2 - 73*n + 749. Determine g(-47).
-238
Let p(v) = -36*v**2 + 3701*v + 11441. What is p(-3)?
14
Let s(t) = t**2 - 112*t - 1192. Calculate s(-10).
28
Let w(m) = 4697*m - 803106. What is w(171)?
81
Let n(g) = -g**3 + 46*g**2 + 184*g + 230. What is n(50)?
-570
Let k(c) = c**3 + 34*c**2 + 596*c + 18552. Calculate k(-33).
-27
Let u(v) = -30999*v - 3161920. Calculate u(-102).
-22
Let s(j) = -2*j**3 - 828*j**2 + 482*j + 199788. Give s(-414).
240
Let o(g) = 7*g**3 - 3*g**2 + 35*g - 32. Determine o(1).
7
Let v(y) = y**2 + 1082*y + 274455. Give v(-406).
-1
Let p(h) = -11436*h - 434418. Determine p(-38).
150
Let a(j) = 683*j**3 - 6142*j**2 - 38*j - 26. Determine a(9).
37
Let m(c) = c**3 + 135*c**2 + 2222*c + 1642. Determine m(-116).
-446
Let z(c) = 29*c**2 - 267*c - 2085. Calculate z(-5).
-25
Let h(c) = -7*c**3 - 488*c**2 - 36*c - 12289. What is h(-70)?
31
Let s(j) = -29*j - 1477. Calculate s(-58).
205
Let h(g) = -15*g**3 + 15*g**2 - 10*g + 19. Determine h(3).
-281
Let h(r) = r**2 + 661*r + 13233. Give h(-21).
-207
Let p(k) = -266*k + 37791. Determine p(143).
-247
Let w(y) = y**2 + 217*y + 8379. Calculate w(-91).
-3087
Let a(j) = 4056*j - 64882. Give a(16).
14
Let d(i) = i**2 - 23*i + 156. Calculate d(7).
44
Let t(m) = 2*m**2 - 30*m - 1201. What is t(39)?
671
Let v(g) = -19822*g + 97426. Give v(5).
-1684
Let z(v) = 15016*v + 74859. What is z(-5)?
-221
Let i(u) = 2*u**3 + 886*u**2 - 921*u - 14648. Give i(-444).
4
Let r(f) = -8*f**3 + 18*f**2 + 808*f - 1639. Determine r(2).
-15
Let t(j) = 6*j**2 + 29*j + 335. Determine t(-10).
645
Let n(g) = -19*g**3 + 